emainder when 5827235 is divided by 1968?
1955
What is the remainder when 25551342 is divided by 3631?
3626
What is the remainder when 179025 is divided by 2118?
1113
Calculate the remainder when 20543258 is divided by 8503.
10
What is the remainder when 27918026 is divided by 8?
2
What is the remainder when 111527 is divided by 111213?
314
What is the remainder when 187018 is divided by 1049?
296
What is the remainder when 104475408 is divided by 414?
24
What is the remainder when 9864576 is divided by 106?
4
Calculate the remainder when 116114990 is divided by 2282.
2266
Calculate the remainder when 3302092 is divided by 15147.
46
Calculate the remainder when 356614 is divided by 118848.
70
Calculate the remainder when 202392 is divided by 1323.
1296
What is the remainder when 1973446008 is divided by 219?
216
Calculate the remainder when 1319445127 is divided by 61.
60
What is the remainder when 158495 is divided by 158490?
5
Calculate the remainder when 5010644 is divided by 131.
25
Calculate the remainder when 191328 is divided by 95635.
58
What is the remainder when 52791 is divided by 4363?
435
What is the remainder when 34980 is divided by 5410?
2520
What is the remainder when 278518 is divided by 277353?
1165
What is the remainder when 26098 is divided by 4348?
10
What is the remainder when 5993930 is divided by 1498445?
150
What is the remainder when 137474 is divided by 68352?
770
What is the remainder when 168648791 is divided by 1505?
1501
What is the remainder when 4404453 is divided by 24068?
9
What is the remainder when 16547 is divided by 696?
539
Calculate the remainder when 146689585 is divided by 418.
9
Calculate the remainder when 12279166 is divided by 155432.
38
What is the remainder when 1111389 is divided by 139?
84
What is the remainder when 65380708 is divided by 21793543?
79
Calculate the remainder when 14315877 is divided by 3836.
3761
Calculate the remainder when 3154955 is divided by 48.
11
What is the remainder when 119668 is divided by 2980?
468
Calculate the remainder when 2071705 is divided by 690503.
196
What is the remainder when 2029 is divided by 399?
34
What is the remainder when 11724195 is divided by 248?
243
Calculate the remainder when 8164967 is divided by 34.
3
What is the remainder when 105820 is divided by 56?
36
Calculate the remainder when 1013388 is divided by 81.
78
Calculate the remainder when 3428705 is divided by 277.
276
Calculate the remainder when 1977286 is divided by 1083.
811
What is the remainder when 5731117 is divided by 338?
327
Calculate the remainder when 95399 is divided by 5610.
29
Calculate the remainder when 3016053 is divided by 323.
202
What is the remainder when 3888 is divided by 1281?
45
What is the remainder when 208451325 is divided by 256?
253
What is the remainder when 118086875 is divided by 29521717?
7
What is the remainder when 257893 is divided by 6111?
1231
What is the remainder when 2404405 is divided by 109?
83
Calculate the remainder when 24316399 is divided by 87469.
17
Calculate the remainder when 786567 is divided by 998.
143
Calculate the remainder when 287688 is divided by 41018.
562
What is the remainder when 11290 is divided by 632?
546
Calculate the remainder when 45415583 is divided by 3392.
95
Calculate the remainder when 330556 is divided by 68.
8
What is the remainder when 7655735 is divided by 2551904?
23
What is the remainder when 103749 is divided by 9085?
3814
What is the remainder when 1848645 is divided by 1626?
1509
Calculate the remainder when 112940 is divided by 531.
368
Calculate the remainder when 23394670 is divided by 53.
46
Calculate the remainder when 2702222 is divided by 581.
572
What is the remainder when 19717840 is divided by 1583?
1575
Calculate the remainder when 10335 is divided by 197.
91
What is the remainder when 11089269 is divided by 1719?
0
What is the remainder when 132160042 is divided by 55?
47
What is the remainder when 5940038 is divided by 1980002?
32
Calculate the remainder when 46796 is divided by 22769.
1258
Calculate the remainder when 862539 is divided by 61285.
4549
What is the remainder when 1185191 is divided by 124?
123
Calculate the remainder when 12696103 is divided by 1919.
1918
What is the remainder when 29771197 is divided by 333?
331
What is the remainder when 821411 is divided by 45629?
89
Calculate the remainder when 84068501 is divided by 4853.
4835
What is the remainder when 26332945 is divided by 3255?
3250
What is the remainder when 192855 is divided by 6882?
159
Calculate the remainder when 369055 is divided by 40.
15
Calculate the remainder when 78635 is divided by 2402.
1771
What is the remainder when 83325 is divided by 726?
561
Calculate the remainder when 1292675730 is divided by 19.
14
Calculate the remainder when 2258214 is divided by 4213.
46
What is the remainder when 81573 is divided by 26475?
2148
What is the remainder when 86977693 is divided by 15?
13
Calculate the remainder when 411229 is divided by 3954.
13
Calculate the remainder when 6995331 is divided by 5201.
5187
Calculate the remainder when 247373 is divided by 4735.
1153
Calculate the remainder when 45534 is divided by 227.
134
What is the remainder when 13444723 is divided by 896314?
13
Calculate the remainder when 58615188 is divided by 30.
18
Calculate the remainder when 729600 is divided by 72867.
930
What is the remainder when 371824 is divided by 7467?
5941
Calculate the remainder when 12683510 is divided by 6092.
6058
Calculate the remainder when 5388 is divided by 2456.
476
Calculate the remainder when 1068412 is divided by 491.
487
Calculate the remainder when 18020172 is divided by 1125.
1047
What is the remainder when 444005 is divided by 90?
35
Calculate the remainder when 4800173 is divided by 1463.
70
What is the remainder when 364002 is divided by 66?
12
Calculate the remainder when 144009 is divided by 394.
199
Calculate the remainder when 122103 is divided by 1436.
43
What is the remainder when 60691 is divided by 6642?
913
Calculate the remainder when 7526446 is divided by 1381.
1377
What is the remainder when 341910 is divided by 2515?
2385
What is the remainder when 1253883 is divided by 313456?
59
Calculate the remainder when 27073 is divided by 26969.
104
Calculate the remainder when 290055655 is divided by 53.
11
What is the remainder when 741617 is divided by 148277?
232
What is the remainder when 297967 is divided by 3304?
607
What is the remainder when 7920997 is divided by 2835?
7
Calculate the remainder when 6431 is divided by 5824.
607
What is the remainder when 479694 is divided by 36765?
1749
What is the remainder when 3030621 is divided by 1009814?
1179
What is the remainder when 42186758 is divided by 551?
545
What is the remainder when 118383852 is divided by 87?
81
What is the remainder when 2916637 is divided by 675?
637
What is the remainder when 60970 is divided by 60648?
322
Calculate the remainder when 39224 is divided by 144.
56
What is the remainder when 33795018 is divided by 14?
12
Calculate the remainder when 456259 is divided by 214.
11
Calculate the remainder when 1532636 is divided by 160.
156
Calculate the remainder when 31819498 is divided by 14.
4
What is the remainder when 6402414 is divided by 988?
174
What is the remainder when 308115 is divided by 43942?
521
Calculate the remainder when 4026995 is divided by 113.
14
Calculate the remainder when 33459050 is divided by 503.
496
Calculate the remainder when 6134 is divided by 3835.
2299
What is the remainder when 27888 is divided by 13941?
6
Calculate the remainder when 1681560 is divided by 8802.
378
Calculate the remainder when 4112205 is divided by 81.
78
Calculate the remainder when 303847 is divided by 100938.
1033
Calculate the remainder when 13470681 is divided by 98.
91
Calculate the remainder when 45148 is divided by 2486.
400
Calculate the remainder when 375921 is divided by 13420.
161
Calculate the remainder when 6807016 is divided by 5621.
5606
What is the remainder when 328183 is divided by 195?
193
Calculate the remainder when 16391602 is divided by 1667.
1658
Calculate the remainder when 6822699 is divided by 1590.
9
What is the remainder when 35657 is divided by 446?
423
What is the remainder wh